e 6) in base 12?
8
Convert 145 (base 6) to base 8.
101
What is -2 (base 4) in base 6?
-2
Convert -1030 (base 4) to base 9.
-84
What is 27b (base 12) in base 14?
1d5
Convert 0 (base 4) to base 7.
0
Convert 6 (base 7) to base 4.
12
What is 95 (base 11) in base 5?
404
Convert -246 (base 9) to base 5.
-1304
2 (base 3) to base 7
2
What is -43 (base 16) in base 5?
-232
-7 (base 15) to base 16
-7
-11101 (base 2) to base 4
-131
What is -3 (base 4) in base 5?
-3
Convert -8 (base 14) to base 4.
-20
Convert 11 (base 10) to base 5.
21
What is -3100 (base 4) in base 9?
-251
What is 0 (base 8) in base 15?
0
What is -13 (base 16) in base 9?
-21
Convert a (base 13) to base 7.
13
Convert -60 (base 14) to base 6.
-220
What is -6 (base 10) in base 13?
-6
What is -3 (base 10) in base 16?
-3
Convert -1d (base 16) to base 2.
-11101
What is 2 (base 12) in base 14?
2
19 (base 11) to base 13
17
3 (base 6) to base 11
3
Convert 1 (base 8) to base 15.
1
660 (base 7) to base 2
101010000
-2 (base 12) to base 2
-10
11000 (base 2) to base 12
20
What is 21 (base 4) in base 7?
12
-30 (base 4) to base 8
-14
Convert 0 (base 8) to base 5.
0
110 (base 5) to base 4
132
Convert -58 (base 11) to base 5.
-223
10000 (base 2) to base 5
31
-44 (base 10) to base 5
-134
Convert 3 (base 13) to base 11.
3
2 (base 16) to base 3
2
-26 (base 11) to base 15
-1d
Convert 214 (base 5) to base 16.
3b
What is 2 (base 6) in base 12?
2
0 (base 14) to base 7
0
1 (base 12) to base 10
1
What is -245 (base 7) in base 11?
-10a
Convert 2 (base 4) to base 15.
2
What is 3 (base 13) in base 14?
3
Convert -3 (base 10) to base 3.
-10
15 (base 8) to base 12
11
-3 (base 8) to base 9
-3
What is -10 (base 7) in base 10?
-7
What is -10101 (base 2) in base 16?
-15
Convert -9 (base 12) to base 16.
-9
Convert -53 (base 9) to base 3.
-1210
What is 100 (base 5) in base 4?
121
What is -131 (base 5) in base 11?
-38
What is 4 (base 6) in base 12?
4
-101 (base 3) to base 4
-22
17 (base 13) to base 7
26
What is -32 (base 8) in base 3?
-222
What is 2 (base 14) in base 6?
2
91 (base 15) to base 8
210
What is -130 (base 7) in base 14?
-50
Convert -240 (base 7) to base 10.
-126
What is -212 (base 3) in base 15?
-18
3 (base 12) to base 10
3
What is 324 (base 6) in base 10?
124
What is 6 (base 10) in base 8?
6
What is -1211 (base 3) in base 13?
-3a
What is 32 (base 8) in base 2?
11010
What is -74 (base 8) in base 15?
-40
-1 (base 16) to base 2
-1
11 (base 2) to base 3
10
2 (base 13) to base 3
2
What is -66 (base 10) in base 14?
-4a
100 (base 2) to base 5
4
1 (base 5) to base 15
1
Convert 0 (base 3) to base 15.
0
Convert -1 (base 10) to base 7.
-1
Convert 38 (base 14) to base 10.
50
-11 (base 16) to base 5
-32
412 (base 6) to base 4
2120
-1 (base 2) to base 6
-1
1 (base 3) to base 4
1
What is -3 (base 8) in base 4?
-3
215 (base 8) to base 9
166
What is 1 (base 9) in base 13?
1
What is -1123 (base 5) in base 16?
-a3
-8a (base 12) to base 14
-78
-8 (base 11) to base 6
-12
Convert -52 (base 16) to base 13.
-64
5 (base 9) to base 14
5
What is -1200 (base 3) in base 7?
-63
14 (base 11) to base 7
21
-2 (base 15) to base 16
-2
Convert -4 (base 11) to base 14.
-4
Convert 410 (base 8) to base 12.
1a0
-81 (base 16) to base 15
-89
Convert 53 (base 7) to base 15.
28
What is 215 (base 7) in base 14?
7c
Convert 1001100 (base 2) to base 4.
1030
-13 (base 7) to base 14
-a
-211 (base 5) to base 2
-111000
What is 21 (base 7) in base 9?
16
What is 11100 (base 2) in base 16?
1c
What is -1a (base 13) in base 16?
-17
-80 (base 11) to base 6
-224
Convert 22 (base 3) to base 4.
20
Convert 3 (base 12) to base 5.
3
What is -81 (base 9) in base 4?
-1021
What is -1223 (base 4) in base 11?
-98
0 (base 4) to base 13
0
1 (base 14) to base 8
1
Convert -11 (base 6) to base 2.
-111
What is -56 (base 13) in base 5?
-241
Convert -132 (base 6) to base 14.
-40
What is -20 (base 10) in base 2?
-10100
Convert -2 (base 14) to base 4.
-2
-6 (base 10) to base 15
-6
Convert -1104 (base 6) to base 16.
-100
Convert -10 (base 7) to base 10.
-7
Convert 21 (base 14) to base 5.
104
What is -11101 (base 2) in base 11?
-27
Convert -2 (base 8) to base 5.
-2
2 (base 3) to base 2
10
Convert -20 (base 4) to base 9.
-8
52 (base 9) to base 2
101111
What is 10 (base 2) in base 14?
2
What is -7 (base 13) in base 6?
-11
-2 (base 3) to base 6
-2
What is -289 (base 11) in base 6?
-1323
What is -e3 (base 15) in base 14?
-113
What is -1 (base 16) in base 11?
-1
-1c (base 15) to base 8
-33
Convert -1 (base 4) to base 9.
-1
Convert -103 (base 4) to base 11.
-18
What is 9 (base 13) in base 10?
9
What is -2 (base 13) in base 7?
-2
6 (base 15) to base 6
10
-4 (base 7) to base 3
-11
Convert -b (base 13) to base 7.
-14
What is -33 (base 10) in base 12?
-29
What is e (base 16) in base 4?
32
Convert 1 (base 4) to base 15.
1
What is 0 (base 7) in base 5?
0
Convert -2 (base 5) to base 8.
-2
Convert -101000010 (base 2) to base 11.
-273
-121 (base 6) to base 12
-41
What is -22 (base 5) in base 13?
-c
What is 242 (base 9) in base 10?
200
3 (base 5) to base 6
3
What is 29 (base 12) in base 5?
113
Convert -3 (base 13) to base 8.
-3
What is 4 (base 9) in base 16?
4
What is -4c (base 15) in base 13?
-57
What is -1043 (base 5) in base 14?
-a8
16 (base 10) to base 3
121
Convert 0 (base 12) to base 10.
0
What is 2 (base 5) in base 8?
2
What is -13c (base 13) in base 5?
-1340
Convert -2a (base 16) to base 2.
-101010
Convert -27 (base 16) to base 8.
-47
Convert -1 (base 4) to base 5.
-1
Convert 230 (base 4) to base 13.
35
-163 (base 11) to base 10
-190
Convert 0 (base 13) to base 5.
0
9 (base 14) to base 12
9
-3a (base 11) to base 16
-2b
-25 (base 16) to base 12
-31
-23 (base 15) to base 13
-27
What is -124 (base 9) in base 14?
-75
Convert 1 (base 2) to base 6.
1
What is 1 (base 5) in base 11?
1
Convert 121 (base 4) to base 16.
19
What is -3 (base 9) in base 15?
-3
Convert -205 (base 11) to base 12.
-187
What is c (base 15) in base 6?
20
What is 6 (base 12) in base 3?
20
6 (base 8) to base 2
110
Convert -1c (base 16) to base 11.
-26
What is -10 (base 8) in base 12?
-8
What is 1000 (base 3) in base 13?
21
Convert 1 (base 6) to base 14.
1
4 (base 6) to base 14
4
0 (base 10) to base 2
0
179 (base 14) to base 11
256
-1 (base 6) to base 16
-1
Convert 79 (base 10) to base 16.
4f
-44 (base 9) to base 11
-37
What is 1221 (base 3) in base 8?
64
1 (base 5) to base 7
1
What is -1 (base 4) in base 12?
-1
22 (base 3) to base 4
20
What is d (base 15) in base 13?
10
Convert 2b (base 13) to base 9.
41
What is 6 (base 7) in base 3?
20
-21 (base 5) to base 11
-10
Convert 20 (base 7) to base 4.
32
Convert e0 (base 15) to base 8.
322
4 (base 13) to base 12
4
What is -48 (base 10) in base 4?
-300
What is -28 (base 11) in base 10?
-30
What is -42 (base 7) in base 15?
-20
What is 12 (base 7) in base 11?
9
47 (base 15) to base 5
232
2 (base 5) to base 2
10
What is -94 (base 10) in base 13?
-73
13 (base 7) to base 8
12
What is 11 (base 3) in base 10?
4
Convert 49 (base 10) to base 16.
31
Convert 100 (base 2) to base 3.
11
177 (base 9) to base 5
1101
What is -4 (base 15) in base 9?
-4
What is 1 (base 7) in base 9?
1
Convert 3 (base 14) to base 8.
3
Convert -1b (base 16) to base 2.
-11011
What is -3 (base 11) in base 16?
-3
22 (base 16) to base 4
202
-25 (base 10) to base 5
-100
What is -12 (base 15) in base 11?
-16
Convert 1 (base 10) to base 14.
1
What is 0 (base 14) in base 16?
0
Convert -4 (base 8) to base 12.
-4
Convert 0 (base 2) to base 3.
0
What is -12 (base 6) in base 13?
-8
Convert 15 (base 9) to base 14.
10
What is 1 (base 5) in base 9?
1
ba (base 12) to base 16
8e
Convert a (base 15) to base 16.
a
What is 4 (base 11) in base 16?
4
What is -8b (base 16) in base 9?
-164
-1 (base 15) to base 16
-1
Convert -4d (base 15) to base 5.
-243
-11 (base 7) to base 12
-8
Convert -2 (base 5) to base 4.
-2
11 (base 2) to base 15
3
What is -2 (base 10) in base 3?
-2
21 (base 9) to base 10
19
Convert 321 (base 5) to base 7.
152
What is -6b (base 16) in base 9?
-128
What is 8 (base 16) in base 4?
20
What is 4 (base 8) in base 16?
4
Convert 1c9 (base 14) to base 11.
30a
0 (base 4) to base 15
0
What is -2 (base 3) in base 6?
-2
What is -310 (base 8) in base 7?
-404
What is 4 (base 16) in base 10?
4
Convert 45 (base 12) to base 9.
58
Convert -10 (base